{"id":36,"date":"2015-09-06T09:53:49","date_gmt":"2015-09-06T07:53:49","guid":{"rendered":"http:\/\/www.fws-medien.de\/?page_id=36"},"modified":"2019-08-15T10:49:22","modified_gmt":"2019-08-15T08:49:22","slug":"impressum","status":"publish","type":"page","link":"http:\/\/www.fws-medien.de\/?page_id=36","title":{"rendered":"Impressum"},"content":{"rendered":"<div class=\"one_third coll\">\n<p><span style=\"font-family: neue-frutiger-black; font-size: 18pt;\">FWS-Medien GmbH<\/span><\/p>\n<p><span style=\"font-family: Neue Frutiger Reg; font-size: 14pt;\">Michelbacher Stra\u00dfe 35a<\/span><br \/>\n<span style=\"font-family: Neue Frutiger Reg; font-size: 14pt;\"> 61250 Usingen\/Ts.<\/span><br \/>\n<span style=\"font-family: Neue Frutiger Reg; font-size: 14pt;\"> Telefon: +49 6081 442 272<\/span><br \/>\n<span style=\"font-family: Neue Frutiger Reg; font-size: 14pt;\"> Telefax*: +49 6081 442 291<\/span><br \/>\n<span style=\"font-family: Neue Frutiger Reg; font-size: 14pt;\"> E-Mail: <a href=\"mailto:info@fws-medien.de\">info@fws-medien.de<\/a><\/span><br \/>\n<span style=\"font-family: Neue Frutiger Reg; font-size: 14pt;\"> Internet: www.fws-medien.de<\/span><\/p>\n<p><span style=\"font-family: Neue Frutiger Reg; font-size: 14pt;\">Vertretungsberechtigter Gesch\u00e4ftsf\u00fchrer:<\/span><br \/>\n<span style=\"font-family: Neue Frutiger Reg; font-size: 14pt;\"> Harry Dertinger<\/span><\/p>\n<p><span style=\"font-family: Neue Frutiger Reg; font-size: 14pt;\">Registergericht: Amtsgericht Bad-Homburg v.d.H.<\/span><br \/>\n<span style=\"font-family: Neue Frutiger Reg; font-size: 14pt;\"> Registernummer: HR 1515<\/span><\/p>\n<p><span style=\"font-family: Neue Frutiger Reg; font-size: 14pt;\">Umsatzsteuer-Identifikationsnummer gem\u00e4\u00df<\/span><br \/>\n<span style=\"font-family: Neue Frutiger Reg; font-size: 14pt;\"> \u00a7 27 a Umsatzsteuergesetz: DE 114151329<\/span><\/p>\n<\/div>\n<div class=\"two_third_last coll\"><span style=\"font-family: Neue Frutiger Reg; font-size: 14pt;\">\u00a0<\/span><\/div>\n<p><span style=\"font-family: Neue Frutiger Reg; font-size: 14pt;\">Inhaltlich Verantwortlicher gem\u00e4\u00df \u00a7 10 Absatz 3 MDStV: Harry Dertinger (Anschrift wie oben)<\/span><\/p>\n<p><span style=\"font-family: Neue Frutiger Reg; font-size: 14pt;\">Bildnachweise<\/span><br \/>\n<span style=\"font-family: Neue Frutiger Reg; font-size: 14pt;\">\u00a9 Fotolia\u2028<\/span><br \/>\n<span style=\"font-family: Neue Frutiger Reg; font-size: 14pt;\">http:\/\/de.fotolia.com<\/span><br \/>\n<span style=\"font-family: Neue Frutiger Reg; font-size: 14pt;\">\u00a9 FWS-Medien GmbH, <br \/>\nPierre Diehl, <\/span><span style=\"font-family: Neue Frutiger Reg; font-size: 14pt;\">www.copy-center-usingen.de<\/span><\/p>\n<p><span style=\"font-family: Neue Frutiger Reg; font-size: 14pt;\">Die Europ\u00e4ische Kommission stellt eine Plattform zur Online-Streitbeilegung (OS) bereit:\u2028http:\/\/ec.europa.eu\/consumers\/odr <\/span><\/p>\n<p><span style=\"font-family: Neue Frutiger Reg; font-size: 14pt;\"><span style=\"font-family: neue-frutiger-black;\">Haftung f\u00fcr Inhalte\u2028<\/span><br \/>\nDie Informationen auf dieser Seite sind informativer Art. Sie dienen der Darstellung des Unternehmens. Die Inhalte dieser Seiten werden mit gr\u00f6\u00dfter Sorgfalt erstellt. Wir weisen aber darauf hin, dass sich das Recht, das Internet und die entsprechenden Technologien weiter entwickeln was dazu f\u00fchren kann, dass Informationen nach einiger Zeit veraltet, unrichtig oder widerspr\u00fcchlich sein k\u00f6nnen.<\/span><\/p>\n<p><span style=\"font-family: Neue Frutiger Reg; font-size: 14pt;\"><span style=\"font-family: neue-frutiger-black;\">Urheberrecht\/ Verwertungsrechte\u2028<\/span><br \/>\nDie Ver\u00f6ffentlichungen auf diesen Seiten unterliegen dem deutschen Urheberrecht. Beitr\u00e4ge Dritter sind als solche gekennzeichnet. Vervielf\u00e4ltigung, Bearbeitung und jede Art der Verwertung au\u00dferhalb der Grenzen des Urheberrechtes bed\u00fcrfen der Zustimmung von FWS-Medien GmbH oder des jeweiligen Verfassers. Downloads und Kopien dieser Seiten sind nicht gestattet.<\/span><br \/>\n<span style=\"font-family: Neue Frutiger Reg; font-size: 14pt;\">Sollten Sie Inhalte unserer Seiten oder Teile davon \u00fcbernehmen wollen, setzen Sie sich bitte mit uns in Verbindung.<\/span><\/p>\n<p><span style=\"font-family: Neue Frutiger Reg; font-size: 14pt;\"><span style=\"font-family: neue-frutiger-black;\">Haftung f\u00fcr Links<\/span><br \/>\n\u2028Die aufgef\u00fchrten externen Links f\u00fchren zu Inhalten fremder Anbieter. F\u00fcr diese Inhalte ist allein der jeweilige Anbieter verantwortlich. Bei bekannt werden von Rechtsverletzungen werden diese Links umgehend entfernt.<\/span><br \/>\n<span style=\"font-family: Neue Frutiger Reg; font-size: 14pt;\">FWS-Medien GmbH, Februar 2016<br \/>\n<\/span><\/p>\n","protected":false},"excerpt":{"rendered":"<p>FWS-Medien GmbH Michelbacher Stra\u00dfe 35a 61250 Usingen\/Ts. Telefon: +49 6081 442 272 Telefax*: +49 6081 442 291 E-Mail: info@fws-medien.de Internet: [&hellip;]<\/p>\n","protected":false},"author":1,"featured_media":0,"parent":0,"menu_order":0,"comment_status":"closed","ping_status":"closed","template":"template-full-custom.php","meta":[],"_links":{"self":[{"href":"http:\/\/www.fws-medien.de\/index.php?rest_route=\/wp\/v2\/pages\/36"}],"collection":[{"href":"http:\/\/www.fws-medien.de\/index.php?rest_route=\/wp\/v2\/pages"}],"about":[{"href":"http:\/\/www.fws-medien.de\/index.php?rest_route=\/wp\/v2\/types\/page"}],"author":[{"embeddable":true,"href":"http:\/\/www.fws-medien.de\/index.php?rest_route=\/wp\/v2\/users\/1"}],"replies":[{"embeddable":true,"href":"http:\/\/www.fws-medien.de\/index.php?rest_route=%2Fwp%2Fv2%2Fcomments&post=36"}],"version-history":[{"count":7,"href":"http:\/\/www.fws-medien.de\/index.php?rest_route=\/wp\/v2\/pages\/36\/revisions"}],"predecessor-version":[{"id":441,"href":"http:\/\/www.fws-medien.de\/index.php?rest_route=\/wp\/v2\/pages\/36\/revisions\/441"}],"wp:attachment":[{"href":"http:\/\/www.fws-medien.de\/index.php?rest_route=%2Fwp%2Fv2%2Fmedia&parent=36"}],"curies":[{"name":"wp","href":"https:\/\/api.w.org\/{rel}","templated":true}]}}